0) + (-2)/15. Suppose 0 = s*u + 2*u + 2*k - 50, -2*u + 39 = -3*k. Let p be 10 + 0 + 1 + -3. Calculate the greatest common factor of u and p.
4
Suppose -u + 5*u + 12 = 0. Let j be (-4)/((12/20)/u). Let v = 18 - 8. What is the greatest common divisor of j and v?
10
Suppose -o + 4116 = -3*d, -4*o + 3771 = -3*d - 12684. What is the highest common divisor of o and 9?
9
Suppose 17320*a + 1700 = 17330*a. What is the greatest common divisor of 110 and a?
10
Suppose -2*l = -10*o + 7*o - 738, -2*o = 3*l - 1133. Let j = l - 245. What is the greatest common divisor of j and 30?
10
Suppose -9463 = -956*u + 66*u + 94667. Suppose -23 = -5*o + 4*o. Let m = o + -14. What is the highest common factor of m and u?
9
Suppose -751151 = -251*t - 104395 + 925508. Calculate the highest common divisor of 928 and t.
232
Let y be 7 + (90 - (-2 - -15)). Let f be 698/5 + 4/10. Calculate the greatest common divisor of y and f.
28
Let q(l) = 331*l - 2930. Let d be q(11). Calculate the highest common factor of 45 and d.
9
Let o be (32/(-20) + 2)/((-2)/(-600)). Suppose -2*c = c + 3. Let n = c - -16. Calculate the greatest common divisor of o and n.
15
Suppose 4*t = 8, 13*z - 10*z - 4*t + 134 = 0. Let l be -13*2*z/28. Calculate the highest common divisor of l and 65.
13
Suppose 178752 = -70*k + 1374*k + 292*k. Suppose -3*h + 5*t + 1532 = 0, h + t = -2*t + 492. Calculate the greatest common factor of k and h.
56
Let h be ((-1300)/30)/(55/(-396)) + 1*3. Suppose -4*y + 171 = -3*f - 0*f, 5*y = 2*f + 219. What is the greatest common factor of y and h?
45
Let g(k) = 9*k**3 + k**2 - 5. Let y be g(4). Let r = y + -412. Let u be 2/((-14)/(-231)) + 2. What is the greatest common factor of r and u?
35
Suppose 0 = -8*b + 3*b + 55. Suppose 2*o - 85 - 192 = 5*y, 4*y = 4*o - 560. Let d = o - 140. What is the greatest common factor of d and b?
1
Suppose -3*z + 750 = 2*z + 185. Calculate the highest common divisor of 2147 and z.
113
Suppose 0 = 5*l - 4*v - 1535, 664 = -4*l - v + 1913. Let h = 4 + 0. Suppose -21 = -r - 2*f + 40, -5*r = h*f - l. What is the greatest common factor of r and 42?
21
Let k(z) = 12*z**3 - 4*z**2 + 3*z - 7. Let n be k(2). Suppose -y - 389 = -4*v, 4*y - 325 = -4*v + n. Calculate the highest common factor of v and 28.
14
Let h = 70 - -1471. What is the highest common factor of h and 92?
23
Let s be (20/(-6))/((-1)/36). Suppose -60*g - 2850 = -98*g. What is the highest common divisor of g and s?
15
Suppose 40150 = -7*y + 42110. What is the greatest common divisor of 1610 and y?
70
Let z(o) = o**2 + 3*o + 9. Let r be z(9). Calculate the greatest common factor of r and 17433.
117
Let p be ((-2)/(22/(-9053)) - 0) + 3 + 0. What is the highest common divisor of p and 28?
14
Suppose 2 = 2*i, -2*s - 179 = -5*s - 5*i. Suppose -60*b + 8 = -s*b. Calculate the greatest common divisor of b and 32.
4
Let g(u) = -288*u + 25. Let x be g(0). What is the greatest common factor of x and 3750?
25
Let q be (-12)/16 - (95/133 + 3233/(-28)). Calculate the greatest common factor of q and 4180.
38
Let b(m) = m**3 - 6*m**2 + 7*m + 1. Suppose -12*n - 7 = -7. Suppose 2*z = -n*z + 10. Let i be b(z). What is the highest common factor of i and 77?
11
Let a(r) = r**2 - 8*r - 374. Let k be a(25). Suppose -459 = 7*d - 16*d. Calculate the highest common factor of d and k.
51
Suppose 4*x = -2 + 14. Let y be x/(-12) - (-1407)/28. Let c = 75 - y. What is the highest common factor of 5 and c?
5
Let q be (-101)/2*(-10 - 32/(-4)). Suppose 4*a - q + 53 = 0. What is the highest common divisor of a and 9?
3
Let r be 30661650/720 - (-6)/16. What is the highest common divisor of 214 and r?
214
Let u(c) = 2*c**2 - 25*c + 9. Let i(v) = 3*v**2 - 49*v + 16. Let h(a) = -6*i(a) + 11*u(a). Let x be h(-6). Calculate the greatest common factor of 3 and x.
3
Let z(u) = 2*u**3 - 8*u**2 - 84*u + 240. Let w be z(8). Calculate the greatest common factor of w and 5968.
16
Let i(z) = -2*z**2 + 24*z + 10. Let v be (-4)/6*144/16*-2. Let g be i(v). Suppose 0*x + 5*x = 250. Calculate the greatest common divisor of x and g.
10
Let c be ((-744)/(-620))/(1/1665). What is the greatest common factor of 54 and c?
54
Suppose 3 + 3 = -2*i, -4*i - 22 = -a. Let s = a - -4. Suppose -4*n = n - 35. Calculate the greatest common divisor of n and s.
7
Let m(x) = -17*x**3 - 15*x**2 + 4*x - 2. Let r be m(-4). Calculate the highest common factor of r and 130.
10
Let n be 28*-1*-6*2. Let w = 16009 + -15913. Calculate the highest common divisor of w and n.
48
Suppose -545 = -5*h - 0*x - 5*x, -h + 119 = -x. Suppose -h*i + 1600 = -110*i. Calculate the greatest common factor of i and 25.
25
Let w = -554 + 881. Calculate the greatest common divisor of w and 30.
3
Let o = 882 + -827. Suppose -5*i = -5*k - 75, -k = 10*i - 6*i - 40. Calculate the greatest common divisor of o and i.
11
Let k = -136 - -139. Suppose 21 = 4*r - r - k*t, -3*t = 6. Calculate the greatest common divisor of 20 and r.
5
Let t be 2/(-10) - (99/(-44) - (-1119573)/(-140)). Calculate the highest common divisor of 19 and t.
19
Suppose -4*p + 6 = -5*d, -d + 5 = -3*p + 15. Suppose -4*z - 2*o + 292 = 0, -p*o + 13 - 5 = 0. What is the greatest common divisor of 270 and z?
18
Let w(m) = m**3 + 9*m**2 + 18*m + 2. Let r be w(-3). Suppose -r*l - 3*x - x + 24 = 0, -4*x - 60 = -5*l. Calculate the greatest common factor of 228 and l.
12
Suppose 33*x = 11*x + 5610. Calculate the greatest common factor of 6 and x.
3
Let v be (-6)/15*-5 - -2. Let r be (v - 3)/(-1)*-30. Suppose 3*o - m - 65 = 0, -o + 5*m + 48 = 3. What is the highest common divisor of o and r?
10
Let w = -30609 - -32004. Calculate the highest common divisor of w and 4464.
279
Let n be ((-1605)/(-10))/(33/66). Calculate the highest common divisor of n and 3317.
107
Let h be 30 - 8/(-9 + 5). Let g = 56 - h. Suppose -44*z = -43*z - g. Calculate the highest common factor of 72 and z.
24
Suppose -4*o - a + 34 = o, 3*a = -4*o + 25. Suppose 0 = o*s - 66 - 1950. Calculate the greatest common factor of s and 48.
48
Suppose 7*b - 310 + 65 = 0. Let n be (8/(-12))/((-1)/33). Let a = n + -8. Calculate the greatest common divisor of b and a.
7
Let k be 0 + 6 + 12/2. What is the highest common factor of 45 and k?
3
Suppose 3*o - 904 = -2*g, o + 2277 = 26*g - 21*g. Calculate the highest common factor of g and 35.
35
Let j(h) = -117*h - 56. Let m be j(-9). Suppose -m = -10*u + 893. Suppose -5*t + 68 = 3*f, t = -f + 2*f - 20. Calculate the highest common factor of u and f.
21
Let i be -1*(4 - 2)*-11. Suppose -29*x = -25 - 62. Suppose i = 4*u + n, 3*n + x = 3*u - 21. Calculate the greatest common divisor of u and 18.
6
Let i(b) = b**3 + 8*b**2 - 2*b - 4. Suppose -11 - 115 = -6*q. Let w = q + -29. Let r be i(w). What is the highest common factor of r and 84?
12
Let j(v) = 3*v**3 - v**2 - v + 1. Let a be j(-2). Let q be ((-38)/(-10))/((-5)/a). Calculate the highest common factor of 475 and q.
19
Suppose -2*j + 4*j + 4*z + 16 = 0, 5*j - z = -7. Let r be j*(6 + (-17 - -3)). Calculate the highest common divisor of r and 112.
16
Let x(y) = y**2 + 2*y + 2. Let d(f) = 5*f**2 + 112*f + 48. Let a be d(-22). Let w be x(a). Calculate the greatest common factor of w and 442.
26
Let d = 36 + -31. Suppose -d*u + 2*b = -3, -7*b + 3*b - 18 = 2*u. Let r be 9/(-15)*(u + -29). Calculate the highest common divisor of r and 72.
18
Let t be (-6)/(-15) + 7376/10. Let i be (-24)/18*t/(-4). Let c = 344 - i. Calculate the greatest common divisor of c and 14.
14
Let p be (-4*(-12159)/27)/((1 + 4)/15). Calculate the highest common factor of p and 14.
14
Suppose g + 995 = 28*g - 220. Let m = 14 + -9. Calculate the highest common divisor of g and m.
5
Let q be ((-6)/(-33))/((-512)/(-25344)). What is the highest common divisor of q and 729?
9
Let v be (-13 - 2 - -5880) + -19. Calculate the highest common divisor of v and 74.
74
Suppose -z = -0*f - 4*f + 19, -4*z + 3*f = 11. Let l be 5/(-15)*(z - 10). Let v be (5 + (-279)/45)/(2/(-20)). Calculate the highest common divisor of l and v.
3
Let k = -9709 - -9727. Calculate the greatest common factor of 116 and k.
2
Suppose -3*d - 3*o + 33 = 0, 3*d = d - 5*o + 25. Let c be 10/6*(d + -7). Let b be (c + -6)/(-3 - (-258)/87). Calculate the highest common divisor of b and 203.
29
Suppose -400 = -556*p + 540*p. Suppose 1 = -q + 2*q. What is the gr